[INFO] cloning repository https://github.com/O-I/nickel-demo
[INFO] running `Command { std: "git" "-c" "credential.helper=" "-c" "credential.helper=/workspace/cargo-home/bin/git-credential-null" "clone" "--bare" "https://github.com/O-I/nickel-demo" "/workspace/cache/git-repos/https%3A%2F%2Fgithub.com%2FO-I%2Fnickel-demo", kill_on_drop: false }`
[INFO] [stderr] Cloning into bare repository '/workspace/cache/git-repos/https%3A%2F%2Fgithub.com%2FO-I%2Fnickel-demo'...
[INFO] running `Command { std: "git" "rev-parse" "HEAD", kill_on_drop: false }`
[INFO] [stdout] 6a4e3f63f30bd6b76deb7a2ae40f91f891f353b5
[INFO] checking O-I/nickel-demo against master#af3c6e733a40e671550e0f0f5aeecaa13772ba56 for pr-74989
[INFO] running `Command { std: "git" "clone" "/workspace/cache/git-repos/https%3A%2F%2Fgithub.com%2FO-I%2Fnickel-demo" "/workspace/builds/worker-4/source", kill_on_drop: false }`
[INFO] [stderr] Cloning into '/workspace/builds/worker-4/source'...
[INFO] [stderr] done.
[INFO] validating manifest of git repo https://github.com/O-I/nickel-demo on toolchain af3c6e733a40e671550e0f0f5aeecaa13772ba56
[INFO] running `Command { std: "/workspace/cargo-home/bin/cargo" "+af3c6e733a40e671550e0f0f5aeecaa13772ba56" "read-manifest" "--manifest-path" "Cargo.toml", kill_on_drop: false }`
[INFO] started tweaking git repo https://github.com/O-I/nickel-demo
[INFO] finished tweaking git repo https://github.com/O-I/nickel-demo
[INFO] tweaked toml for git repo https://github.com/O-I/nickel-demo written to /workspace/builds/worker-4/source/Cargo.toml
[INFO] crate git repo https://github.com/O-I/nickel-demo already has a lockfile, it will not be regenerated
[INFO] running `Command { std: "/workspace/cargo-home/bin/cargo" "+af3c6e733a40e671550e0f0f5aeecaa13772ba56" "fetch" "--locked" "--manifest-path" "Cargo.toml", kill_on_drop: false }`
[INFO] [stderr]     Blocking waiting for file lock on package cache
[INFO] [stderr] error: the lock file /workspace/builds/worker-4/source/Cargo.lock needs to be updated but --locked was passed to prevent this
[INFO] [stderr] If you want to try to generate the lock file without accessing the network, use the --offline flag.
[INFO] the lockfile is outdated, regenerating it
[INFO] running `Command { std: "/workspace/cargo-home/bin/cargo" "+af3c6e733a40e671550e0f0f5aeecaa13772ba56" "generate-lockfile" "--manifest-path" "Cargo.toml" "-Zno-index-update", kill_on_drop: false }`
[INFO] [stderr]     Updating git repository `https://github.com/nickel-org/nickel.rs.git`
[INFO] running `Command { std: "/workspace/cargo-home/bin/cargo" "+af3c6e733a40e671550e0f0f5aeecaa13772ba56" "fetch" "--locked" "--manifest-path" "Cargo.toml", kill_on_drop: false }`
[INFO] [stderr]     Blocking waiting for file lock on package cache
[INFO] [stderr]  Downloading crates ...
[INFO] [stderr]   Downloaded mustache v0.9.0
[INFO] running `Command { std: "docker" "create" "-v" "/var/lib/crater-agent-workspace/builds/worker-4/target:/opt/rustwide/target:rw,Z" "-v" "/var/lib/crater-agent-workspace/builds/worker-4/source:/opt/rustwide/workdir:ro,Z" "-v" "/var/lib/crater-agent-workspace/cargo-home:/opt/rustwide/cargo-home:ro,Z" "-v" "/var/lib/crater-agent-workspace/rustup-home:/opt/rustwide/rustup-home:ro,Z" "-e" "SOURCE_DIR=/opt/rustwide/workdir" "-e" "CARGO_TARGET_DIR=/opt/rustwide/target" "-e" "CARGO_HOME=/opt/rustwide/cargo-home" "-e" "RUSTUP_HOME=/opt/rustwide/rustup-home" "-w" "/opt/rustwide/workdir" "-m" "1610612736" "--user" "0:0" "--network" "none" "rustops/crates-build-env@sha256:d92eaeed33fa75130ca1ee6c8a01d1ffb62bac859dfdfb3450e3e5d1c0146529" "/opt/rustwide/cargo-home/bin/cargo" "+af3c6e733a40e671550e0f0f5aeecaa13772ba56" "metadata" "--no-deps" "--format-version=1", kill_on_drop: false }`
[INFO] [stderr] WARNING: Your kernel does not support swap limit capabilities or the cgroup is not mounted. Memory limited without swap.
[INFO] [stdout] 9c05d7fb121f9727bd4361e736a9435cb343fe56881098361bacbc02e5ad68e2
[INFO] running `Command { std: "docker" "start" "-a" "9c05d7fb121f9727bd4361e736a9435cb343fe56881098361bacbc02e5ad68e2", kill_on_drop: false }`
[INFO] running `Command { std: "docker" "inspect" "9c05d7fb121f9727bd4361e736a9435cb343fe56881098361bacbc02e5ad68e2", kill_on_drop: false }`
[INFO] running `Command { std: "docker" "rm" "-f" "9c05d7fb121f9727bd4361e736a9435cb343fe56881098361bacbc02e5ad68e2", kill_on_drop: false }`
[INFO] [stdout] 9c05d7fb121f9727bd4361e736a9435cb343fe56881098361bacbc02e5ad68e2
[INFO] running `Command { std: "docker" "create" "-v" "/var/lib/crater-agent-workspace/builds/worker-4/target:/opt/rustwide/target:rw,Z" "-v" "/var/lib/crater-agent-workspace/builds/worker-4/source:/opt/rustwide/workdir:ro,Z" "-v" "/var/lib/crater-agent-workspace/cargo-home:/opt/rustwide/cargo-home:ro,Z" "-v" "/var/lib/crater-agent-workspace/rustup-home:/opt/rustwide/rustup-home:ro,Z" "-e" "SOURCE_DIR=/opt/rustwide/workdir" "-e" "CARGO_TARGET_DIR=/opt/rustwide/target" "-e" "CARGO_INCREMENTAL=0" "-e" "RUST_BACKTRACE=full" "-e" "RUSTFLAGS=--cap-lints=forbid" "-e" "CARGO_HOME=/opt/rustwide/cargo-home" "-e" "RUSTUP_HOME=/opt/rustwide/rustup-home" "-w" "/opt/rustwide/workdir" "-m" "1610612736" "--user" "0:0" "--network" "none" "rustops/crates-build-env@sha256:d92eaeed33fa75130ca1ee6c8a01d1ffb62bac859dfdfb3450e3e5d1c0146529" "/opt/rustwide/cargo-home/bin/cargo" "+af3c6e733a40e671550e0f0f5aeecaa13772ba56" "check" "--frozen" "--all" "--all-targets" "--message-format=json", kill_on_drop: false }`
[INFO] [stdout] c2b84a895ab076212d15961fbce18557c171cc06b495841af5afe676c58af0d5
[INFO] [stderr] WARNING: Your kernel does not support swap limit capabilities or the cgroup is not mounted. Memory limited without swap.
[INFO] running `Command { std: "docker" "start" "-a" "c2b84a895ab076212d15961fbce18557c171cc06b495841af5afe676c58af0d5", kill_on_drop: false }`
[INFO] [stderr]    Compiling libc v0.2.77
[INFO] [stderr]     Checking cfg-if v0.1.10
[INFO] [stderr]    Compiling memchr v2.3.3
[INFO] [stderr]    Compiling serde v1.0.116
[INFO] [stderr]    Compiling byteorder v1.3.4
[INFO] [stderr]    Compiling version_check v0.1.5
[INFO] [stderr]     Checking matches v0.1.8
[INFO] [stderr]     Checking tinyvec v0.3.4
[INFO] [stderr]     Checking safemem v0.3.3
[INFO] [stderr]     Checking lazy_static v1.4.0
[INFO] [stderr]     Checking percent-encoding v1.0.1
[INFO] [stderr]     Checking itoa v0.4.6
[INFO] [stderr]     Checking regex-syntax v0.6.18
[INFO] [stderr]     Checking groupable v0.2.0
[INFO] [stderr]     Checking modifier v0.1.0
[INFO] [stderr]     Checking unicode-bidi v0.3.4
[INFO] [stderr]     Checking log v0.4.11
[INFO] [stderr]     Checking thread_local v1.0.1
[INFO] [stderr]     Checking plugin v0.2.6
[INFO] [stderr]     Checking log v0.3.9
[INFO] [stderr]     Checking unicode-normalization v0.1.13
[INFO] [stderr]    Compiling unicase v1.4.2
[INFO] [stderr]     Checking mime v0.2.6
[INFO] [stderr]     Checking aho-corasick v0.7.13
[INFO] [stderr]     Checking base64 v0.9.3
[INFO] [stderr]     Checking num_cpus v1.13.0
[INFO] [stderr]     Checking time v0.1.44
[INFO] [stderr]     Checking idna v0.1.5
[INFO] [stderr]     Checking url v1.7.2
[INFO] [stderr]     Checking hyper v0.10.16
[INFO] [stderr]     Checking regex v1.3.9
[INFO] [stderr]     Checking serde_json v1.0.57
[INFO] [stderr]     Checking mustache v0.9.0
[INFO] [stderr]     Checking nickel v0.11.0 (https://github.com/nickel-org/nickel.rs.git#f1388afc)
[INFO] [stderr]     Checking nickel-demo v0.1.0 (/opt/rustwide/workdir)
[INFO] [stdout] error[E0433]: failed to resolve: could not find `net` in `io`
[INFO] [stdout]  --> src/main.rs:3:14
[INFO] [stdout]   |
[INFO] [stdout] 3 | use std::io::net::ip::Ipv4Addr;
[INFO] [stdout]   |              ^^^ could not find `net` in `io`
[INFO] [stdout] 
[INFO] [stdout] 
[INFO] [stdout] error[E0425]: cannot find function, tuple struct or tuple variant `Ipv4Addr` in this scope
[INFO] [stdout]   --> src/main.rs:14:17
[INFO] [stdout]    |
[INFO] [stdout] 14 |   server.listen(Ipv4Addr(127, 0, 0, 1), 6767);
[INFO] [stdout]    |                 ^^^^^^^^ not found in this scope
[INFO] [stdout] 
[INFO] [stdout] 
[INFO] [stdout] error[E0433]: failed to resolve: could not find `net` in `io`
[INFO] [stdout]  --> src/main.rs:3:14
[INFO] [stdout]   |
[INFO] [stdout] 3 | use std::io::net::ip::Ipv4Addr;
[INFO] [stdout]   |              ^^^ could not find `net` in `io`
[INFO] [stdout] 
[INFO] [stdout] 
[INFO] [stdout] error[E0425]: cannot find function, tuple struct or tuple variant `Ipv4Addr` in this scope
[INFO] [stdout]   --> src/main.rs:14:17
[INFO] [stdout]    |
[INFO] [stdout] 14 |   server.listen(Ipv4Addr(127, 0, 0, 1), 6767);
[INFO] [stdout]    |                 ^^^^^^^^ not found in this scope
[INFO] [stdout] 
[INFO] [stdout] 
[INFO] [stdout] error[E0599]: no method named `get` found for struct `Nickel` in the current scope
[INFO] [stdout]   --> src/main.rs:13:10
[INFO] [stdout]    |
[INFO] [stdout] 13 |   server.get("/hello", a_handler);
[INFO] [stdout]    |          ^^^ method not found in `Nickel`
[INFO] [stdout]    |
[INFO] [stdout]    = help: items from traits can only be used if the trait is in scope
[INFO] [stdout] help: the following trait is implemented but not in scope; perhaps add a `use` for it:
[INFO] [stdout]    |
[INFO] [stdout] 3  | use nickel::HttpRouter;
[INFO] [stdout]    |
[INFO] [stdout] 
[INFO] [stdout] 
[INFO] [stdout] error[E0061]: this function takes 1 argument but 2 arguments were supplied
[INFO] [stdout]   --> src/main.rs:14:10
[INFO] [stdout]    |
[INFO] [stdout] 14 |   server.listen(Ipv4Addr(127, 0, 0, 1), 6767);
[INFO] [stdout]    |          ^^^^^^ ----------------------  ---- supplied 2 arguments
[INFO] [stdout]    |          |
[INFO] [stdout]    |          expected 1 argument
[INFO] [stdout] 
[INFO] [stdout] 
[INFO] [stdout] error: aborting due to 4 previous errors
[INFO] [stdout] 
[INFO] [stdout] 
[INFO] [stdout] Some errors have detailed explanations: E0061, E0425, E0433, E0599.
[INFO] [stdout] 
[INFO] [stdout] For more information about an error, try `rustc --explain E0061`.
[INFO] [stdout] 
[INFO] [stderr] error: could not compile `nickel-demo`.
[INFO] [stderr] 
[INFO] [stderr] To learn more, run the command again with --verbose.
[INFO] [stderr] warning: build failed, waiting for other jobs to finish...
[INFO] [stdout] error[E0599]: no method named `get` found for struct `Nickel` in the current scope
[INFO] [stdout]   --> src/main.rs:13:10
[INFO] [stdout]    |
[INFO] [stdout] 13 |   server.get("/hello", a_handler);
[INFO] [stdout]    |          ^^^ method not found in `Nickel`
[INFO] [stdout]    |
[INFO] [stdout]    = help: items from traits can only be used if the trait is in scope
[INFO] [stdout] help: the following trait is implemented but not in scope; perhaps add a `use` for it:
[INFO] [stdout]    |
[INFO] [stdout] 3  | use nickel::HttpRouter;
[INFO] [stdout]    |
[INFO] [stdout] 
[INFO] [stdout] 
[INFO] [stdout] error[E0061]: this function takes 1 argument but 2 arguments were supplied
[INFO] [stdout]   --> src/main.rs:14:10
[INFO] [stdout]    |
[INFO] [stdout] 14 |   server.listen(Ipv4Addr(127, 0, 0, 1), 6767);
[INFO] [stdout]    |          ^^^^^^ ----------------------  ---- supplied 2 arguments
[INFO] [stdout]    |          |
[INFO] [stdout]    |          expected 1 argument
[INFO] [stdout] 
[INFO] [stdout] 
[INFO] [stdout] error: aborting due to 4 previous errors
[INFO] [stdout] 
[INFO] [stdout] 
[INFO] [stdout] Some errors have detailed explanations: E0061, E0425, E0433, E0599.
[INFO] [stdout] 
[INFO] [stdout] For more information about an error, try `rustc --explain E0061`.
[INFO] [stdout] 
[INFO] [stderr] error: build failed
[INFO] running `Command { std: "docker" "inspect" "c2b84a895ab076212d15961fbce18557c171cc06b495841af5afe676c58af0d5", kill_on_drop: false }`
[INFO] running `Command { std: "docker" "rm" "-f" "c2b84a895ab076212d15961fbce18557c171cc06b495841af5afe676c58af0d5", kill_on_drop: false }`
[INFO] [stdout] c2b84a895ab076212d15961fbce18557c171cc06b495841af5afe676c58af0d5
